 10. Let u = g - -10. Suppose -5*o = -5*s - 100, u*s = -10 - 6. What is the units digit of o?
6
Let m be (4 + -2)*(-4 - -3). Let i = -2 - m. What is the units digit of 4 + i - (1 + 0)?
3
Let h(q) = -3*q**3 + q**2 - q - 1. Let b = -1 - 0. Let y be h(b). Let v(w) = -w**3 + 3*w**2 + 6*w - 5. What is the units digit of v(y)?
3
Let u(k) = 2*k**2 + 4*k + 3. What is the tens digit of u(-8)?
9
Suppose 4*n = -5*j + 3, 0 = -j - 2*j - 4*n - 3. Suppose w + j = 4. Suppose 2*h = -z + w, 0 = z + 2*h - 3*h - 4. What is the units digit of z?
3
Suppose 2*u - 173 - 211 = -2*k, 0 = -2*u + 3*k + 399. What is the units digit of u?
5
Let v be (-12)/42 - (-256)/14. Let w = v - -3. What is the tens digit of w?
2
Let d(k) be the second derivative of k**4/6 - 11*k**3/6 + k**2/2 - 3*k. Let q be d(8). Suppose -n + 2*v = -4, 5*n + 3*v - q = 5. What is the units digit of n?
8
Let p = 0 + 2. Suppose 3*w = p*w. Suppose -4*j + j + 30 = w. What is the units digit of j?
0
Let f = 33 - -13. What is the units digit of f?
6
What is the units digit of 214/6 + (-3)/(-9)?
6
Let a(g) = -3*g + 8. Let x(k) = -2*k + 7. Let b(c) = -3*a(c) + 4*x(c). Let z be b(0). Suppose 6 = z*h + p, 2*h = 4*h - 4*p + 6. What is the units digit of h?
1
Suppose 0 = -3*q - 3*v + 126, 5*q - 170 = -0*v + 3*v. What is the units digit of q?
7
Suppose -g - 5*k + 175 = 0, 0*g - 183 = -g - 3*k. What is the hundreds digit of g?
1
Let i(w) = -w**3 - 3*w**2 + 5*w + 6. Let y be i(-4). Suppose t = y*t - 5. What is the units digit of t?
5
Let z(f) = f**2 - 4*f - 6. What is the units digit of z(11)?
1
Suppose -12 = -5*a + y, 2*a + 12 = 5*a + y. What is the units digit of a?
3
Suppose -w - 2 = o - 0*w, 2*o - 5 = w. Let r be o + 2 - (-4 + 4). Suppose -3*i + 38 = -s, r*i + 2*s - 42 = 5*s. What is the tens digit of i?
1
Suppose -35 = -4*s - 11. Let n = s - 18. Let q(v) = v**2 + 10*v - 16. What is the units digit of q(n)?
8
Suppose 8 = -4*m + 28. Suppose 2*i - 29 = -1. Suppose s - i = -m. What is the units digit of s?
9
Let v(c) = -c + 5. What is the units digit of v(4)?
1
Suppose 4*a = -a + 70. What is the units digit of a?
4
Let k(r) = r + 5. Let u be k(-6). Let g = u - -2. What is the units digit of g?
1
Let d(c) = -2*c**3 - 2*c**2 + 3*c + 3. Let r(q) = -2*q + 6. Let t be r(4). What is the units digit of d(t)?
5
Let x(t) = -t**2 + 8*t - 4. Suppose -4 + 3 = -d. Let g be (d + (-9)/(-6))*2. What is the tens digit of x(g)?
1
Suppose 5*h - 3*o = 17, o + 7 = 3*h - h. Suppose -66 = 2*z + v, 2*z = -5*v - 17 - 41. What is the units digit of (-2)/h - z/4?
8
Let t = -43 - -152. What is the hundreds digit of t?
1
Let w(z) = -z**3 + 4*z**2 - z - 1. Let y be w(3). Let s(q) be the first derivative of -q**4/4 + 5*q**3/3 + 4*q - 1. What is the units digit of s(y)?
4
Let r be 6/6 + 2*4. Suppose 2*i + 5*o + r = 0, -3*i - 5*o - 5 = 6. What is the units digit of i/(2/(-1)) + 0?
1
Let p(u) = u**3 + 2. Let a(i) = i**2 - i - 2. Let q be a(2). Let l be p(q). What is the tens digit of 14 + l + -3 + 0?
1
What is the tens digit of (-2)/(-1) + 388/(3 + -1)?
9
Let d be (55/11)/((-1)/(-2)). What is the tens digit of 186/d - 8/(-20)?
1
Let i(q) = -q**2 + 7*q - 3. What is the units digit of i(5)?
7
Suppose -4*i + 270 = k, 0 = 8*i - 3*i + k - 338. What is the units digit of i?
8
Let l = 189 + -79. What is the tens digit of l?
1
Suppose 114 = -2*k + c, -3*k + 0*c - 3*c - 162 = 0. Let g = k + 80. Suppose -8 = 4*a - g. What is the units digit of a?
4
Suppose -z + 6*z = 0. Let b = z + 9. What is the units digit of b?
9
Let y be (4/(-5))/((-6)/75). Suppose 5*m - 3*m - y = 0, -2*d = m + 25. What is the tens digit of 15/(-1 - d/6)?
1
Suppose 0 = -4*n + 5*n - 3*q + 10, 0 = 3*n - 4*q + 10. Let a(t) = 3*t + 3 + 3*t - 2. What is the tens digit of a(n)?
1
Suppose 4*q - 8 - 15 = -3*p, 2*q - 9 = -p. Suppose 5*s - 47 = 2*s - p*k, 5 = s - k. What is the units digit of s?
9
What is the units digit of 78 - (5 + -6)*2?
0
Let c(f) = -f**3 + 6*f**2 - 4*f + 3. Let i be c(5). Suppose 0 = -i*a + 3*a + 20. What is the units digit of a?
4
Let q = -10 - -12. Suppose 25 = q*o + 3*h, 3*h + 2*h + 5 = -o. What is the units digit of o?
0
Let o = -4 + 5. What is the units digit of (-1)/((-1)/13) - o?
2
Let v(d) be the first derivative of -d**3/3 + 6*d**2 - 7*d - 3. What is the tens digit of v(8)?
2
Let z(f) = f**3 + 8*f**2 - 9. Suppose -c = -4*c - 21. What is the units digit of z(c)?
0
Let a(z) = 3*z - 6. Let v be a(3). Suppose -2*x + x + v*w = -38, 0 = 3*x + w - 64. What is the tens digit of x?
2
Suppose 79 = 4*z + y - 0*y, 2*z + y = 41. What is the tens digit of z?
1
Let s(o) be the second derivative of -2*o**3/3 - 19*o**2/2 - 5*o. What is the units digit of s(-15)?
1
Suppose 3*b = 7*b - 236. What is the tens digit of b?
5
Suppose 4*f + 8*f = 2364. What is the tens digit of f?
9
Let a = -63 - -112. What is the units digit of a?
9
Suppose -6 = u + r, 5*u - 4*r - 1 = 5. Let z = -6 - u. Let c = -3 - z. What is the units digit of c?
1
Let z(i) = 22*i. What is the tens digit of z(2)?
4
Let z be 3*-2*(-10)/6. Let s(d) = 4*d - 17. Let b(k) = -17*k + 69. Let l(v) = 2*b(v) + 9*s(v). What is the units digit of l(z)?
5
Suppose 3*a + 2*j - 26 - 4 = 0, -5*a + 50 = j. Let u = 15 + a. What is the tens digit of u?
2
Suppose 4*w = 134 + 126. What is the units digit of w?
5
Suppose 0 = 9*g + 665 - 1979. What is the units digit of g?
6
Let d be 314/(-4)*(1 + -3). Suppose 0 = -5*l - p + 126, -4*l + d - 65 = 3*p. What is the units digit of l?
6
Suppose -4*m = m + 30. What is the units digit of 4 + 0*3/m?
4
Let a = 53 - -14. What is the units digit of a?
7
Let f be ((-1)/3)/((-3)/27). Suppose -c + 2 = -2*o, -2*c - 5*o = -c + 5. Suppose c = f*d - 12. What is the units digit of d?
4
What is the units digit of ((-35)/(-5))/(1/7)?
9
Let f be 2/4 + (-63)/(-18). What is the tens digit of (-89)/(-4) - 1/f?
2
Let j(h) = -12*h**3 + h - 1. Let g be j(1). What is the tens digit of (140/6)/(g/(-18))?
3
Let m(y) = -y**3 - 10*y**2 - 3*y - 9. Let n be m(-10). Suppose n = 2*g - 3. What is the units digit of g?
2
What is the tens digit of ((-15)/4)/(2/(-8))?
1
Let l(o) = 65*o - 15. What is the units digit of l(3)?
0
Let z(k) = k**2 + 8*k + 13. What is the tens digit of z(-10)?
3
Suppose 0 = -5*h - 0 - 5. What is the tens digit of 1/(h*3/(-36))?
1
Suppose 2*a - 64 = 3*r, 4*r + 56 = 2*a - 28. What is the units digit of (-145)/r - 3/12?
7
Let d = 47 - 6. What is the tens digit of d?
4
Let a(l) be the third derivative of -l**5/60 + l**4/24 + l**2. Let h(f) = 4*f**2 + 5*f - 8. Let p(v) = 3*a(v) + h(v). What is the units digit of p(-9)?
1
Suppose -1044 = -10*y + y. What is the units digit of y?
6
What is the units digit of ((-198)/(-24))/(2/8)?
3
What is the units digit of 1/((8/4)/188)?
4
Let d(f) = -f + 5. Let q(l) = l**3 + 11*l**2 - 11*l + 11. Let h be q(-12). Let o be (6 + 9)*h/3. What is the units digit of d(o)?
0
Let h(l) = -4*l + 24. What is the units digit of h(-13)?
6
Suppose 3*a = a + 8. Suppose 0 = -2*q + 2*p + 4, 2*q - 11 = -p - a*p. Let v(t) = t**2 - 2*t - 1. What is the units digit of v(q)?
2
Suppose 5*v = -3*x + 37, 5*v = x + 7 + 14. Let h(q) = -q + 7. Let j be h(x). Suppose 2*f - 31 = 5*i, 2*f + j*f + 3*i = 0. What is the units digit of f?
3
Let d(w) = -4*w - 5. Let j be d(-5). Suppose 0 = -5*a + j + 10. What is the units digit of a?
5
Suppose -2 = 3*m - 11. Suppose -x + 11 = m. What is the units digit of x?
8
Suppose -2*a + 0*h = -4*h - 130, 0 = 4*a - 2*h - 278. What is the tens digit of a?
7
What is the hundreds digit of 6/10 - (-1 + (-1352)/5)?
2
Suppose 2*x = 4*x - 90. What is the units digit of (x/(-20))/((-3)/8)?
6
Suppose 15*a = 19*a - 40. What is the tens digit of a?
1
Let j = 5 + 0. Suppose 8*p - j*p - 33 = 0. What is the units digit of p?
1
Let d(r) = -2*r + 2. Let h be d(2). What is the units digit of h/8 - (-63)/12?
5
Suppose -5*x = s - 1299, -3*x = 4*s - 21 - 755. What is the hundreds digit of x?
2
Suppose -4*p = -0*p + 5*y - 224, 2*p - 5*y - 142 = 0. What is the units digit of p?
1
Let r(x) = x**3 - 3*x**2 - 9 + 5*x + 4*x**2 + 5*x**2 + 13. What is the tens digit of r(-3)?
1
Let s(z) = -2*z - 9. Let k be s(-7). Suppose 2*y = k*y - 27. What is the units digit of y?
9
Suppose r + r = -2*j + 64, -5*r - 4*j + 156 = 0. Suppose -2*m + r = 4. What is the units digit of m?
2
Let g = -15 + 206. Suppose 4*z 